{"id":47,"date":"2014-01-30T08:15:16","date_gmt":"2014-01-30T08:15:16","guid":{"rendered":"https:\/\/innig-koellner.de\/?page_id=47"},"modified":"2014-08-08T11:29:23","modified_gmt":"2014-08-08T11:29:23","slug":"graffiti-entfernung","status":"publish","type":"page","link":"https:\/\/innig-koellner.de\/?page_id=47","title":{"rendered":"Graffiti-Entfernung"},"content":{"rendered":"<p>Graffiti\u00b4s sind selten ein sch\u00f6ner Anblick &#8211; sie stellen eine Verunreinigung dar, deren Beseitigung m\u00fchselig und h\u00e4ufig nur unzureichend m\u00f6glich ist. Mit unserem Mikro-Sandstrahlverfahren arbeiten wir absolut chemie- und wasserfrei.<br \/>\nUnser Verfahren kann auf beinahe allen Untergr\u00fcnden angewendet werden.<br \/>\nAuf Untergr\u00fcnden die wir nicht mit unserem Mikro-Sandstrahlverfahren bearbeiten k\u00f6nnen, bieten wir auch eine chemische Reinigung der Oberfl\u00e4che an.<\/p>\n<div class=\"two-columns-one\">\n<video width=\"300\" height=\"150\" style=\"width: 100%; max-width: 320px;\" preload=\"auto\" controls=\"controls\"><source src=\"https:\/\/innig-koellner.de\/video\/Graffitientfernung_x264.mp4\" type=\"video\/mp4\" \/><source src=\"https:\/\/innig-koellner.de\/video\/Graffitientfernung_VP8.webm\" type=\"video\/webm\" \/><object type=\"application\/x-shockwave-flash\" data=\"http:\/\/releases.flowplayer.org\/swf\/flowplayer-3.2.1.swf\" width=\"320\" height=\"240\"><param name=\"movie\" value=\"http:\/\/releases.flowplayer.org\/swf\/flowplayer-3.2.1.swf\" \/><param name=\"allowFullScreen\" value=\"true\" \/><param name=\"wmode\" value=\"transparent\" \/><param name=\"flashVars\" value=\"config={'playlist':[{'url':'https%3A%2F%2Finnig-koellner.de%2Fvideo%2FGraffitientfernung_x264.mp4','autoPlay':false}]}\" \/><span title=\"Das Video kann leider nicht angezeigt werden, bitte laden Sie es herunter\">Video Graffitientfernung<strong>Download Video:<\/strong> <a href=\"https:\/\/innig-koellner.de\/video\/Graffitientfernung_x264.mp4\">MP4 format<\/a> | <a href=\"https:\/\/innig-koellner.de\/video\/Graffitientfernung_VP8.webm\">WebM format<\/a><\/span><\/object><\/video><br \/>\n<i>Video Graffitientfernung<\/i><br \/>\n<\/div>\n<div class=\"two-columns-one last\">\n<video width=\"300\" height=\"150\" style=\"width: 100%; max-width: 320px;\" preload=\"auto\" controls=\"controls\"><source src=\"https:\/\/innig-koellner.de\/video\/Probeflaeche_x264.mp4\" type=\"video\/mp4\" \/><source src=\"https:\/\/innig-koellner.de\/video\/Probeflaeche_VP8.webm\" type=\"video\/webm\" \/><object type=\"application\/x-shockwave-flash\" data=\"http:\/\/releases.flowplayer.org\/swf\/flowplayer-3.2.1.swf\" width=\"320\" height=\"240\"><param name=\"movie\" value=\"http:\/\/releases.flowplayer.org\/swf\/flowplayer-3.2.1.swf\" \/><param name=\"allowFullScreen\" value=\"true\" \/><param name=\"wmode\" value=\"transparent\" \/><param name=\"flashVars\" value=\"config={'playlist':[{'url':'https%3A%2F%2Finnig-koellner.de%2Fvideo%2FProbeflaeche_x264.mp4','autoPlay':false}]}\" \/><span title=\"Das Video kann leider nicht angezeigt werden, bitte laden Sie es herunter\">Video Probefl\u00e4che<strong>Download Video:<\/strong> <a href=\"https:\/\/innig-koellner.de\/video\/Probeflaeche_x264.mp4\">MP4 format<\/a> | <a href=\"https:\/\/innig-koellner.de\/video\/Probeflaeche_VP8.webm\">WebM format<\/a><\/span><\/object><\/video><br \/>\n<i>Video Probefl\u00e4che<\/i><br \/>\n<\/div>\n<div class=\"divider\"><\/div>\n<p>Auf Wunsch erstellen wir Ihnen gerne zun\u00e4chst eine kostenlose Probefl\u00e4che &#8211; noch vor der Auftragserteilung!<\/p>\n\r\n<div class='gallery'><dl class='gallery-item'>\n\t\t\t<dt class='gallery-icon landscape'>\n\t\t\t\t<a href='https:\/\/innig-koellner.de\/?attachment_id=120'><img loading=\"lazy\" decoding=\"async\" width=\"150\" height=\"150\" src=\"https:\/\/innig-koellner.de\/wp-content\/uploads\/2014\/01\/Graffitientfernung05-150x150.jpg\" class=\"attachment-thumbnail size-thumbnail\" alt=\"Graffitientfernung gestrichene Wand\" aria-describedby=\"gallery-1-120\" \/><\/a>\n\t\t\t<\/dt>\n\t\t\t\t<dd class='wp-caption-text gallery-caption' id='gallery-1-120'>\n\t\t\t\tGraffitientfernung gestrichene Wand\n\t\t\t\t<\/dd><\/dl><dl class='gallery-item'>\n\t\t\t<dt class='gallery-icon landscape'>\n\t\t\t\t<a href='https:\/\/innig-koellner.de\/?attachment_id=121'><img loading=\"lazy\" decoding=\"async\" width=\"150\" height=\"150\" src=\"https:\/\/innig-koellner.de\/wp-content\/uploads\/2014\/01\/Graffitientfernung06-150x150.jpg\" class=\"attachment-thumbnail size-thumbnail\" alt=\"Graffitientfernung gestrichene Wand\" aria-describedby=\"gallery-1-121\" \/><\/a>\n\t\t\t<\/dt>\n\t\t\t\t<dd class='wp-caption-text gallery-caption' id='gallery-1-121'>\n\t\t\t\tGraffitientfernung gestrichene Wand\n\t\t\t\t<\/dd><\/dl><dl class='gallery-item'>\n\t\t\t<dt class='gallery-icon landscape'>\n\t\t\t\t<a href='https:\/\/innig-koellner.de\/?attachment_id=122'><img loading=\"lazy\" decoding=\"async\" width=\"150\" height=\"150\" src=\"https:\/\/innig-koellner.de\/wp-content\/uploads\/2014\/01\/Graffitientfernung07-150x150.jpg\" class=\"attachment-thumbnail size-thumbnail\" alt=\"Graffitientfernung gestrichene Wand\" aria-describedby=\"gallery-1-122\" \/><\/a>\n\t\t\t<\/dt>\n\t\t\t\t<dd class='wp-caption-text gallery-caption' id='gallery-1-122'>\n\t\t\t\tGraffitientfernung gestrichene Wand\n\t\t\t\t<\/dd><\/dl><br style=\"clear: both\" \/><dl class='gallery-item'>\n\t\t\t<dt class='gallery-icon landscape'>\n\t\t\t\t<a href='https:\/\/innig-koellner.de\/?attachment_id=123'><img loading=\"lazy\" decoding=\"async\" width=\"150\" height=\"150\" src=\"https:\/\/innig-koellner.de\/wp-content\/uploads\/2014\/01\/Graffitientfernung08-150x150.jpg\" class=\"attachment-thumbnail size-thumbnail\" alt=\"Graffitientfernung gestrichene Wand\" aria-describedby=\"gallery-1-123\" \/><\/a>\n\t\t\t<\/dt>\n\t\t\t\t<dd class='wp-caption-text gallery-caption' id='gallery-1-123'>\n\t\t\t\tGraffitientfernung gestrichene Wand\n\t\t\t\t<\/dd><\/dl><dl class='gallery-item'>\n\t\t\t<dt class='gallery-icon landscape'>\n\t\t\t\t<a href='https:\/\/innig-koellner.de\/?attachment_id=275'><img loading=\"lazy\" decoding=\"async\" width=\"150\" height=\"150\" src=\"https:\/\/innig-koellner.de\/wp-content\/uploads\/2014\/01\/MD002364-150x150.jpg\" class=\"attachment-thumbnail size-thumbnail\" alt=\"Graffitientfernung Klinker\" aria-describedby=\"gallery-1-275\" \/><\/a>\n\t\t\t<\/dt>\n\t\t\t\t<dd class='wp-caption-text gallery-caption' id='gallery-1-275'>\n\t\t\t\tGraffitientfernung Klinker\n\t\t\t\t<\/dd><\/dl><dl class='gallery-item'>\n\t\t\t<dt class='gallery-icon landscape'>\n\t\t\t\t<a href='https:\/\/innig-koellner.de\/?attachment_id=276'><img loading=\"lazy\" decoding=\"async\" width=\"150\" height=\"150\" src=\"https:\/\/innig-koellner.de\/wp-content\/uploads\/2014\/01\/MD002365-150x150.jpg\" class=\"attachment-thumbnail size-thumbnail\" alt=\"Graffitientfernung Klinker\" aria-describedby=\"gallery-1-276\" \/><\/a>\n\t\t\t<\/dt>\n\t\t\t\t<dd class='wp-caption-text gallery-caption' id='gallery-1-276'>\n\t\t\t\tGraffitientfernung Klinker\n\t\t\t\t<\/dd><\/dl><br style=\"clear: both\" \/><dl class='gallery-item'>\n\t\t\t<dt class='gallery-icon landscape'>\n\t\t\t\t<a href='https:\/\/innig-koellner.de\/?attachment_id=277'><img loading=\"lazy\" decoding=\"async\" width=\"150\" height=\"150\" src=\"https:\/\/innig-koellner.de\/wp-content\/uploads\/2014\/01\/MD002368-150x150.jpg\" class=\"attachment-thumbnail size-thumbnail\" alt=\"Graffitientfernung\" aria-describedby=\"gallery-1-277\" \/><\/a>\n\t\t\t<\/dt>\n\t\t\t\t<dd class='wp-caption-text gallery-caption' id='gallery-1-277'>\n\t\t\t\tGraffitientfernung\n\t\t\t\t<\/dd><\/dl><dl class='gallery-item'>\n\t\t\t<dt class='gallery-icon landscape'>\n\t\t\t\t<a href='https:\/\/innig-koellner.de\/?attachment_id=278'><img loading=\"lazy\" decoding=\"async\" width=\"150\" height=\"150\" src=\"https:\/\/innig-koellner.de\/wp-content\/uploads\/2014\/01\/MD002369-150x150.jpg\" class=\"attachment-thumbnail size-thumbnail\" alt=\"Graffitientfernung\" aria-describedby=\"gallery-1-278\" \/><\/a>\n\t\t\t<\/dt>\n\t\t\t\t<dd class='wp-caption-text gallery-caption' id='gallery-1-278'>\n\t\t\t\tGraffitientfernung\n\t\t\t\t<\/dd><\/dl><dl class='gallery-item'>\n\t\t\t<dt class='gallery-icon landscape'>\n\t\t\t\t<a href='https:\/\/innig-koellner.de\/?attachment_id=279'><img loading=\"lazy\" decoding=\"async\" width=\"150\" height=\"150\" src=\"https:\/\/innig-koellner.de\/wp-content\/uploads\/2014\/01\/MD002370-150x150.jpg\" class=\"attachment-thumbnail size-thumbnail\" alt=\"Graffitientfernung\" aria-describedby=\"gallery-1-279\" \/><\/a>\n\t\t\t<\/dt>\n\t\t\t\t<dd class='wp-caption-text gallery-caption' id='gallery-1-279'>\n\t\t\t\tGraffitientfernung\n\t\t\t\t<\/dd><\/dl><br style=\"clear: both\" \/><dl class='gallery-item'>\n\t\t\t<dt class='gallery-icon landscape'>\n\t\t\t\t<a href='https:\/\/innig-koellner.de\/?attachment_id=280'><img loading=\"lazy\" decoding=\"async\" width=\"150\" height=\"150\" src=\"https:\/\/innig-koellner.de\/wp-content\/uploads\/2014\/01\/MD002371-150x150.jpg\" class=\"attachment-thumbnail size-thumbnail\" alt=\"Graffitientfernung\" aria-describedby=\"gallery-1-280\" \/><\/a>\n\t\t\t<\/dt>\n\t\t\t\t<dd class='wp-caption-text gallery-caption' id='gallery-1-280'>\n\t\t\t\tGraffitientfernung\n\t\t\t\t<\/dd><\/dl><dl class='gallery-item'>\n\t\t\t<dt class='gallery-icon portrait'>\n\t\t\t\t<a href='https:\/\/innig-koellner.de\/?attachment_id=282'><img loading=\"lazy\" decoding=\"async\" width=\"150\" height=\"150\" src=\"https:\/\/innig-koellner.de\/wp-content\/uploads\/2014\/01\/Mikro-Sandstrahlger\u00e4t1-150x150.jpg\" class=\"attachment-thumbnail size-thumbnail\" alt=\"Mikro-Sandstrahlger\u00e4t\" aria-describedby=\"gallery-1-282\" \/><\/a>\n\t\t\t<\/dt>\n\t\t\t\t<dd class='wp-caption-text gallery-caption' id='gallery-1-282'>\n\t\t\t\tMikro-Sandstrahlger\u00e4t\n\t\t\t\t<\/dd><\/dl><dl class='gallery-item'>\n\t\t\t<dt class='gallery-icon landscape'>\n\t\t\t\t<a href='https:\/\/innig-koellner.de\/?attachment_id=284'><img loading=\"lazy\" decoding=\"async\" width=\"150\" height=\"150\" src=\"https:\/\/innig-koellner.de\/wp-content\/uploads\/2014\/01\/01_Chem.-Reinigung-150x150.jpg\" class=\"attachment-thumbnail size-thumbnail\" alt=\"Chem. Reinigung\" aria-describedby=\"gallery-1-284\" \/><\/a>\n\t\t\t<\/dt>\n\t\t\t\t<dd class='wp-caption-text gallery-caption' id='gallery-1-284'>\n\t\t\t\tChem. Reinigung\n\t\t\t\t<\/dd><\/dl><br style=\"clear: both\" \/><dl class='gallery-item'>\n\t\t\t<dt class='gallery-icon landscape'>\n\t\t\t\t<a href='https:\/\/innig-koellner.de\/?attachment_id=285'><img loading=\"lazy\" decoding=\"async\" width=\"150\" height=\"150\" src=\"https:\/\/innig-koellner.de\/wp-content\/uploads\/2014\/01\/02_Chem.-Reinigung-150x150.jpg\" class=\"attachment-thumbnail size-thumbnail\" alt=\"Chem. Reinigung\" aria-describedby=\"gallery-1-285\" \/><\/a>\n\t\t\t<\/dt>\n\t\t\t\t<dd class='wp-caption-text gallery-caption' id='gallery-1-285'>\n\t\t\t\tChem. Reinigung\n\t\t\t\t<\/dd><\/dl><dl class='gallery-item'>\n\t\t\t<dt class='gallery-icon landscape'>\n\t\t\t\t<a href='https:\/\/innig-koellner.de\/?attachment_id=286'><img loading=\"lazy\" decoding=\"async\" width=\"150\" height=\"150\" src=\"https:\/\/innig-koellner.de\/wp-content\/uploads\/2014\/01\/03_Chem.-Reinigung-150x150.jpg\" class=\"attachment-thumbnail size-thumbnail\" alt=\"Chem. Reinigung\" aria-describedby=\"gallery-1-286\" \/><\/a>\n\t\t\t<\/dt>\n\t\t\t\t<dd class='wp-caption-text gallery-caption' id='gallery-1-286'>\n\t\t\t\tChem. Reinigung\n\t\t\t\t<\/dd><\/dl><dl class='gallery-item'>\n\t\t\t<dt class='gallery-icon landscape'>\n\t\t\t\t<a href='https:\/\/innig-koellner.de\/?attachment_id=287'><img loading=\"lazy\" decoding=\"async\" width=\"150\" height=\"150\" src=\"https:\/\/innig-koellner.de\/wp-content\/uploads\/2014\/01\/04_Chem.-Reinigung-150x150.jpg\" class=\"attachment-thumbnail size-thumbnail\" alt=\"Chem. Reinigung\" aria-describedby=\"gallery-1-287\" \/><\/a>\n\t\t\t<\/dt>\n\t\t\t\t<dd class='wp-caption-text gallery-caption' id='gallery-1-287'>\n\t\t\t\tChem. Reinigung\n\t\t\t\t<\/dd><\/dl><br style=\"clear: both\" \/><dl class='gallery-item'>\n\t\t\t<dt class='gallery-icon landscape'>\n\t\t\t\t<a href='https:\/\/innig-koellner.de\/?attachment_id=288'><img loading=\"lazy\" decoding=\"async\" width=\"150\" height=\"150\" src=\"https:\/\/innig-koellner.de\/wp-content\/uploads\/2014\/01\/05_Chem.-Reinigung-150x150.jpg\" class=\"attachment-thumbnail size-thumbnail\" alt=\"Chem. Reinigung\" aria-describedby=\"gallery-1-288\" \/><\/a>\n\t\t\t<\/dt>\n\t\t\t\t<dd class='wp-caption-text gallery-caption' id='gallery-1-288'>\n\t\t\t\tChem. Reinigung\n\t\t\t\t<\/dd><\/dl><dl class='gallery-item'>\n\t\t\t<dt class='gallery-icon landscape'>\n\t\t\t\t<a href='https:\/\/innig-koellner.de\/?attachment_id=289'><img loading=\"lazy\" decoding=\"async\" width=\"150\" height=\"150\" src=\"https:\/\/innig-koellner.de\/wp-content\/uploads\/2014\/01\/06_Chem.-Reinigung-150x150.jpg\" class=\"attachment-thumbnail size-thumbnail\" alt=\"Chem. Reinigung\" aria-describedby=\"gallery-1-289\" \/><\/a>\n\t\t\t<\/dt>\n\t\t\t\t<dd class='wp-caption-text gallery-caption' id='gallery-1-289'>\n\t\t\t\tChem. Reinigung\n\t\t\t\t<\/dd><\/dl><dl class='gallery-item'>\n\t\t\t<dt class='gallery-icon landscape'>\n\t\t\t\t<a href='https:\/\/innig-koellner.de\/?attachment_id=290'><img loading=\"lazy\" decoding=\"async\" width=\"150\" height=\"150\" src=\"https:\/\/innig-koellner.de\/wp-content\/uploads\/2014\/01\/Graffiti_72dpi-150x150.jpg\" class=\"attachment-thumbnail size-thumbnail\" alt=\"Chem. Reinigung\" aria-describedby=\"gallery-1-290\" \/><\/a>\n\t\t\t<\/dt>\n\t\t\t\t<dd class='wp-caption-text gallery-caption' id='gallery-1-290'>\n\t\t\t\tChem. Reinigung\n\t\t\t\t<\/dd><\/dl><br style=\"clear: both\" \/><dl class='gallery-item'>\n\t\t\t<dt class='gallery-icon landscape'>\n\t\t\t\t<a href='https:\/\/innig-koellner.de\/?attachment_id=291'><img loading=\"lazy\" decoding=\"async\" width=\"150\" height=\"150\" src=\"https:\/\/innig-koellner.de\/wp-content\/uploads\/2014\/01\/Graffiti_80000-150x150.jpg\" class=\"attachment-thumbnail size-thumbnail\" alt=\"Chem. Reinigung\" aria-describedby=\"gallery-1-291\" \/><\/a>\n\t\t\t<\/dt>\n\t\t\t\t<dd class='wp-caption-text gallery-caption' id='gallery-1-291'>\n\t\t\t\tChem. Reinigung\n\t\t\t\t<\/dd><\/dl><dl class='gallery-item'>\n\t\t\t<dt class='gallery-icon landscape'>\n\t\t\t\t<a href='https:\/\/innig-koellner.de\/?attachment_id=292'><img loading=\"lazy\" decoding=\"async\" width=\"150\" height=\"150\" src=\"https:\/\/innig-koellner.de\/wp-content\/uploads\/2014\/01\/IMG_1809-150x150.jpg\" class=\"attachment-thumbnail size-thumbnail\" alt=\"Chem. Reinigung\" aria-describedby=\"gallery-1-292\" \/><\/a>\n\t\t\t<\/dt>\n\t\t\t\t<dd class='wp-caption-text gallery-caption' id='gallery-1-292'>\n\t\t\t\tChem. Reinigung\n\t\t\t\t<\/dd><\/dl><dl class='gallery-item'>\n\t\t\t<dt class='gallery-icon landscape'>\n\t\t\t\t<a href='https:\/\/innig-koellner.de\/?attachment_id=293'><img loading=\"lazy\" decoding=\"async\" width=\"150\" height=\"150\" src=\"https:\/\/innig-koellner.de\/wp-content\/uploads\/2014\/01\/IMG_1859-150x150.jpg\" class=\"attachment-thumbnail size-thumbnail\" alt=\"Chem. Reinigung\" aria-describedby=\"gallery-1-293\" \/><\/a>\n\t\t\t<\/dt>\n\t\t\t\t<dd class='wp-caption-text gallery-caption' id='gallery-1-293'>\n\t\t\t\tChem. Reinigung\n\t\t\t\t<\/dd><\/dl><br style=\"clear: both\" \/><dl class='gallery-item'>\n\t\t\t<dt class='gallery-icon landscape'>\n\t\t\t\t<a href='https:\/\/innig-koellner.de\/?attachment_id=294'><img loading=\"lazy\" decoding=\"async\" width=\"150\" height=\"150\" src=\"https:\/\/innig-koellner.de\/wp-content\/uploads\/2014\/01\/IMG_5928-150x150.jpg\" class=\"attachment-thumbnail size-thumbnail\" alt=\"Chem. Reinigung\" aria-describedby=\"gallery-1-294\" \/><\/a>\n\t\t\t<\/dt>\n\t\t\t\t<dd class='wp-caption-text gallery-caption' id='gallery-1-294'>\n\t\t\t\tChem. Reinigung\n\t\t\t\t<\/dd><\/dl><dl class='gallery-item'>\n\t\t\t<dt class='gallery-icon landscape'>\n\t\t\t\t<a href='https:\/\/innig-koellner.de\/?attachment_id=295'><img loading=\"lazy\" decoding=\"async\" width=\"150\" height=\"150\" src=\"https:\/\/innig-koellner.de\/wp-content\/uploads\/2014\/01\/IMG_5980-150x150.jpg\" class=\"attachment-thumbnail size-thumbnail\" alt=\"Chem. Reinigung\" aria-describedby=\"gallery-1-295\" \/><\/a>\n\t\t\t<\/dt>\n\t\t\t\t<dd class='wp-caption-text gallery-caption' id='gallery-1-295'>\n\t\t\t\tChem. Reinigung\n\t\t\t\t<\/dd><\/dl><dl class='gallery-item'>\n\t\t\t<dt class='gallery-icon landscape'>\n\t\t\t\t<a href='https:\/\/innig-koellner.de\/?attachment_id=296'><img loading=\"lazy\" decoding=\"async\" width=\"150\" height=\"150\" src=\"https:\/\/innig-koellner.de\/wp-content\/uploads\/2014\/01\/IMG_6664-150x150.jpg\" class=\"attachment-thumbnail size-thumbnail\" alt=\"Chem. Reinigung\" aria-describedby=\"gallery-1-296\" \/><\/a>\n\t\t\t<\/dt>\n\t\t\t\t<dd class='wp-caption-text gallery-caption' id='gallery-1-296'>\n\t\t\t\tChem. Reinigung\n\t\t\t\t<\/dd><\/dl><br style=\"clear: both\" \/><dl class='gallery-item'>\n\t\t\t<dt class='gallery-icon landscape'>\n\t\t\t\t<a href='https:\/\/innig-koellner.de\/?attachment_id=297'><img loading=\"lazy\" decoding=\"async\" width=\"150\" height=\"150\" src=\"https:\/\/innig-koellner.de\/wp-content\/uploads\/2014\/01\/IMG_6718-150x150.jpg\" class=\"attachment-thumbnail size-thumbnail\" alt=\"Chem. Reinigung\" aria-describedby=\"gallery-1-297\" \/><\/a>\n\t\t\t<\/dt>\n\t\t\t\t<dd class='wp-caption-text gallery-caption' id='gallery-1-297'>\n\t\t\t\tChem. Reinigung\n\t\t\t\t<\/dd><\/dl><dl class='gallery-item'>\n\t\t\t<dt class='gallery-icon landscape'>\n\t\t\t\t<a href='https:\/\/innig-koellner.de\/?attachment_id=298'><img loading=\"lazy\" decoding=\"async\" width=\"150\" height=\"150\" src=\"https:\/\/innig-koellner.de\/wp-content\/uploads\/2014\/01\/IMG_6979-150x150.jpg\" class=\"attachment-thumbnail size-thumbnail\" alt=\"Chem. Reinigung\" aria-describedby=\"gallery-1-298\" \/><\/a>\n\t\t\t<\/dt>\n\t\t\t\t<dd class='wp-caption-text gallery-caption' id='gallery-1-298'>\n\t\t\t\tChem. Reinigung\n\t\t\t\t<\/dd><\/dl><dl class='gallery-item'>\n\t\t\t<dt class='gallery-icon landscape'>\n\t\t\t\t<a href='https:\/\/innig-koellner.de\/?attachment_id=299'><img loading=\"lazy\" decoding=\"async\" width=\"150\" height=\"150\" src=\"https:\/\/innig-koellner.de\/wp-content\/uploads\/2014\/01\/IMG_7050-150x150.jpg\" class=\"attachment-thumbnail size-thumbnail\" alt=\"Chem. Reinigung\" aria-describedby=\"gallery-1-299\" \/><\/a>\n\t\t\t<\/dt>\n\t\t\t\t<dd class='wp-caption-text gallery-caption' id='gallery-1-299'>\n\t\t\t\tChem. Reinigung\n\t\t\t\t<\/dd><\/dl><br style=\"clear: both\" \/><dl class='gallery-item'>\n\t\t\t<dt class='gallery-icon landscape'>\n\t\t\t\t<a href='https:\/\/innig-koellner.de\/?attachment_id=300'><img loading=\"lazy\" decoding=\"async\" width=\"150\" height=\"150\" src=\"https:\/\/innig-koellner.de\/wp-content\/uploads\/2014\/01\/IMG_7263-150x150.jpg\" class=\"attachment-thumbnail size-thumbnail\" alt=\"Chem. Reinigung\" aria-describedby=\"gallery-1-300\" \/><\/a>\n\t\t\t<\/dt>\n\t\t\t\t<dd class='wp-caption-text gallery-caption' id='gallery-1-300'>\n\t\t\t\tChem. Reinigung\n\t\t\t\t<\/dd><\/dl><dl class='gallery-item'>\n\t\t\t<dt class='gallery-icon landscape'>\n\t\t\t\t<a href='https:\/\/innig-koellner.de\/?attachment_id=301'><img loading=\"lazy\" decoding=\"async\" width=\"150\" height=\"150\" src=\"https:\/\/innig-koellner.de\/wp-content\/uploads\/2014\/01\/IMG_7288-150x150.jpg\" class=\"attachment-thumbnail size-thumbnail\" alt=\"Chem. Reinigung\" aria-describedby=\"gallery-1-301\" \/><\/a>\n\t\t\t<\/dt>\n\t\t\t\t<dd class='wp-caption-text gallery-caption' id='gallery-1-301'>\n\t\t\t\tChem. Reinigung\n\t\t\t\t<\/dd><\/dl><dl class='gallery-item'>\n\t\t\t<dt class='gallery-icon landscape'>\n\t\t\t\t<a href='https:\/\/innig-koellner.de\/?attachment_id=302'><img loading=\"lazy\" decoding=\"async\" width=\"150\" height=\"150\" src=\"https:\/\/innig-koellner.de\/wp-content\/uploads\/2014\/01\/IMG_7377-001-150x150.jpg\" class=\"attachment-thumbnail size-thumbnail\" alt=\"Chem. Reinigung\" aria-describedby=\"gallery-1-302\" \/><\/a>\n\t\t\t<\/dt>\n\t\t\t\t<dd class='wp-caption-text gallery-caption' id='gallery-1-302'>\n\t\t\t\tChem. Reinigung\n\t\t\t\t<\/dd><\/dl><br style=\"clear: both\" \/><dl class='gallery-item'>\n\t\t\t<dt class='gallery-icon landscape'>\n\t\t\t\t<a href='https:\/\/innig-koellner.de\/?attachment_id=303'><img loading=\"lazy\" decoding=\"async\" width=\"150\" height=\"150\" src=\"https:\/\/innig-koellner.de\/wp-content\/uploads\/2014\/01\/IMG_7395-001-150x150.jpg\" class=\"attachment-thumbnail size-thumbnail\" alt=\"Chem. Reinigung\" aria-describedby=\"gallery-1-303\" \/><\/a>\n\t\t\t<\/dt>\n\t\t\t\t<dd class='wp-caption-text gallery-caption' id='gallery-1-303'>\n\t\t\t\tChem. Reinigung\n\t\t\t\t<\/dd><\/dl><dl class='gallery-item'>\n\t\t\t<dt class='gallery-icon landscape'>\n\t\t\t\t<a href='https:\/\/innig-koellner.de\/?attachment_id=304'><img loading=\"lazy\" decoding=\"async\" width=\"150\" height=\"150\" src=\"https:\/\/innig-koellner.de\/wp-content\/uploads\/2014\/01\/IMG_7435-150x150.jpg\" class=\"attachment-thumbnail size-thumbnail\" alt=\"Chem. Reinigung\" aria-describedby=\"gallery-1-304\" \/><\/a>\n\t\t\t<\/dt>\n\t\t\t\t<dd class='wp-caption-text gallery-caption' id='gallery-1-304'>\n\t\t\t\tChem. Reinigung\n\t\t\t\t<\/dd><\/dl><dl class='gallery-item'>\n\t\t\t<dt class='gallery-icon landscape'>\n\t\t\t\t<a href='https:\/\/innig-koellner.de\/?attachment_id=305'><img loading=\"lazy\" decoding=\"async\" width=\"150\" height=\"150\" src=\"https:\/\/innig-koellner.de\/wp-content\/uploads\/2014\/01\/IMG_7437-150x150.jpg\" class=\"attachment-thumbnail size-thumbnail\" alt=\"Chem. Reinigung\" aria-describedby=\"gallery-1-305\" \/><\/a>\n\t\t\t<\/dt>\n\t\t\t\t<dd class='wp-caption-text gallery-caption' id='gallery-1-305'>\n\t\t\t\tChem. Reinigung\n\t\t\t\t<\/dd><\/dl><br style=\"clear: both\" \/><dl class='gallery-item'>\n\t\t\t<dt class='gallery-icon landscape'>\n\t\t\t\t<a href='https:\/\/innig-koellner.de\/?attachment_id=306'><img loading=\"lazy\" decoding=\"async\" width=\"150\" height=\"150\" src=\"https:\/\/innig-koellner.de\/wp-content\/uploads\/2014\/01\/IMG_7670-150x150.jpg\" class=\"attachment-thumbnail size-thumbnail\" alt=\"Chem. Reinigung\" aria-describedby=\"gallery-1-306\" \/><\/a>\n\t\t\t<\/dt>\n\t\t\t\t<dd class='wp-caption-text gallery-caption' id='gallery-1-306'>\n\t\t\t\tChem. Reinigung\n\t\t\t\t<\/dd><\/dl><dl class='gallery-item'>\n\t\t\t<dt class='gallery-icon landscape'>\n\t\t\t\t<a href='https:\/\/innig-koellner.de\/?attachment_id=307'><img loading=\"lazy\" decoding=\"async\" width=\"150\" height=\"150\" src=\"https:\/\/innig-koellner.de\/wp-content\/uploads\/2014\/01\/IMG_7849-150x150.jpg\" class=\"attachment-thumbnail size-thumbnail\" alt=\"Chem. Reinigung\" aria-describedby=\"gallery-1-307\" \/><\/a>\n\t\t\t<\/dt>\n\t\t\t\t<dd class='wp-caption-text gallery-caption' id='gallery-1-307'>\n\t\t\t\tChem. Reinigung\n\t\t\t\t<\/dd><\/dl><dl class='gallery-item'>\n\t\t\t<dt class='gallery-icon landscape'>\n\t\t\t\t<a href='https:\/\/innig-koellner.de\/?attachment_id=308'><img loading=\"lazy\" decoding=\"async\" width=\"150\" height=\"150\" src=\"https:\/\/innig-koellner.de\/wp-content\/uploads\/2014\/01\/IMG_8999-150x150.jpg\" class=\"attachment-thumbnail size-thumbnail\" alt=\"Chem. Reinigung\" aria-describedby=\"gallery-1-308\" \/><\/a>\n\t\t\t<\/dt>\n\t\t\t\t<dd class='wp-caption-text gallery-caption' id='gallery-1-308'>\n\t\t\t\tChem. Reinigung\n\t\t\t\t<\/dd><\/dl><br style=\"clear: both\" \/><dl class='gallery-item'>\n\t\t\t<dt class='gallery-icon landscape'>\n\t\t\t\t<a href='https:\/\/innig-koellner.de\/?attachment_id=283'><img loading=\"lazy\" decoding=\"async\" width=\"150\" height=\"150\" src=\"https:\/\/innig-koellner.de\/wp-content\/uploads\/2014\/01\/IMG_9005-150x150.jpg\" class=\"attachment-thumbnail size-thumbnail\" alt=\"Chem. Reinigung\" aria-describedby=\"gallery-1-283\" \/><\/a>\n\t\t\t<\/dt>\n\t\t\t\t<dd class='wp-caption-text gallery-caption' id='gallery-1-283'>\n\t\t\t\tChem. Reinigung\n\t\t\t\t<\/dd><\/dl>\n\t\t\t<br style='clear: both' \/>\n\t\t<\/div>\n\n<p style=\"text-align: center;\">Fliesen Verlegung &#8211; Altbau Sanierung &#8211; Fassaden Reinigung &#8211; Graffiti Entfernung &#8211; Hausverwaltung<\/p>\n","protected":false},"excerpt":{"rendered":"<p>Graffiti\u00b4s sind selten ein sch\u00f6ner Anblick &#8211; sie stellen eine Verunreinigung dar, deren Beseitigung m\u00fchselig und h\u00e4ufig nur unzureichend m\u00f6glich ist. Mit unserem Mikro-Sandstrahlverfahren arbeiten wir absolut chemie- und wasserfrei. (&hellip;) <a href=\"https:\/\/innig-koellner.de\/?page_id=47\">Weiterlesen<\/a><\/p>\n","protected":false},"author":1,"featured_media":0,"parent":0,"menu_order":5,"comment_status":"closed","ping_status":"closed","template":"page-templates\/left-sidebar.php","meta":{"footnotes":""},"class_list":["post-47","page","type-page","status-publish","hentry"],"_links":{"self":[{"href":"https:\/\/innig-koellner.de\/index.php?rest_route=\/wp\/v2\/pages\/47","targetHints":{"allow":["GET"]}}],"collection":[{"href":"https:\/\/innig-koellner.de\/index.php?rest_route=\/wp\/v2\/pages"}],"about":[{"href":"https:\/\/innig-koellner.de\/index.php?rest_route=\/wp\/v2\/types\/page"}],"author":[{"embeddable":true,"href":"https:\/\/innig-koellner.de\/index.php?rest_route=\/wp\/v2\/users\/1"}],"replies":[{"embeddable":true,"href":"https:\/\/innig-koellner.de\/index.php?rest_route=%2Fwp%2Fv2%2Fcomments&post=47"}],"version-history":[{"count":35,"href":"https:\/\/innig-koellner.de\/index.php?rest_route=\/wp\/v2\/pages\/47\/revisions"}],"predecessor-version":[{"id":515,"href":"https:\/\/innig-koellner.de\/index.php?rest_route=\/wp\/v2\/pages\/47\/revisions\/515"}],"wp:attachment":[{"href":"https:\/\/innig-koellner.de\/index.php?rest_route=%2Fwp%2Fv2%2Fmedia&parent=47"}],"curies":[{"name":"wp","href":"https:\/\/api.w.org\/{rel}","templated":true}]}}